. Let r = -1 - p. What are the prime factors of (r + 1)/((-2)/6)?
3
Suppose 3*w + 1315 = 3*g - 296, 2*w = -g + 531. What are the prime factors of g?
5, 107
Let q be (-34)/187 - 2/(-11). Suppose q = 4*m - 17 - 231. List the prime factors of m.
2, 31
Let p = -26 - -32. Let t(q) = -28*q - 2*q**3 + 16*q + 10*q - q**2 - p. List the prime factors of t(-3).
3, 5
Let a(r) = 7*r**2 - 2*r - 1. Let n be a(1). Let v = 17 + n. What are the prime factors of v?
3, 7
Let p(z) = 2*z - 15. Let j(g) = -g**3 - 18*g**2 - 18*g - 8. Let h be j(-17). Let u be p(h). List the prime factors of (1/u)/(2/36).
2, 3
Let n(d) = -d**2 + d + 4. Let v be n(0). Suppose 0*l - 5*y + 355 = 5*l, 2*y = v*l - 278. List the prime factors of l.
2, 5, 7
What are the prime factors of ((-2)/(-10))/((-5)/(-26525))?
1061
Let z(m) be the second derivative of -7*m**3/6 + 41*m**2/2 - 30*m. What are the prime factors of z(-26)?
223
Let t = 710 + -274. Let u = t - 281. List the prime factors of u.
5, 31
Let z be ((-28)/12 + 3)/(2/21). Suppose -640 = -12*l + z*l. List the prime factors of l.
2
Let d(k) = -k**2 - 14*k + 3. Let l be d(-14). Suppose 5*x = 2*x + l*y, x + 3*y + 4 = 0. List the prime factors of x/(-6)*-8*-21.
2, 7
Suppose -2450 + 11220 = 10*i. List the prime factors of i.
877
Suppose -5*h + 2 = -18. Let a be -6*h/(-20)*-5. What are the prime factors of a/(1 + (-23)/21)?
3, 7
Suppose -9 = -5*t - 2*m, 8 - 29 = -3*t + 4*m. Suppose -d + n - t*n = -17, 0 = 4*d + 2*n - 86. Suppose 3*k - d = 91. What are the prime factors of k?
2, 19
Let a = -14 - -7. Let w be 5*(2 - a/(-5)). List the prime factors of (-18)/(-2 - w/(-3)).
2, 3
Suppose 116 = 4*o - 40. Suppose u - o = -2*u. Suppose 119 - u = 5*s - y, -5*y = -20. List the prime factors of s.
2, 11
Suppose 27*i - 24*i = 2019. What are the prime factors of i?
673
Let p(k) = 2*k**2 + 24*k - 1. Let n be p(-17). Let v = n + 31. List the prime factors of v.
2, 5
Let g(o) = 293*o**2 - 2*o + 9. What are the prime factors of g(2)?
11, 107
Let w = 40 - 114. Let z = w + 127. What are the prime factors of z?
53
Suppose -5*m + 18 = -2, 4*m - 22 = 2*h. List the prime factors of 26/h*255/(-10).
13, 17
Suppose 48 = 20*h - 14*h. Suppose -h*f + 696 = 4*f. List the prime factors of f.
2, 29
Let f(h) = 21*h - 10. What are the prime factors of f(6)?
2, 29
Let o be 645/5 + 3 + -4. Let v = o + -36. What are the prime factors of v?
2, 23
Suppose -3*j + 1893 = -4*d, -50*d + 48*d = -3*j + 1893. What are the prime factors of j?
631
Suppose 2*v - 6*d = -2*d, -4*d = 0. Let a(s) = 10*s - 18. Let q be a(6). Suppose 4*z + r + 2*r - q = v, 2 = r. What are the prime factors of z?
3
Suppose 7*x - 1508 = 1565. What are the prime factors of x?
439
Suppose 36*q - 8 = 32*q. Suppose 3*f = -q*x + 60, 2*f = x + 4*f - 30. List the prime factors of x.
2, 3, 5
Let h be 323 - (0 - 12/(-4)). Suppose t = -4*t + h. Let n = t + -42. List the prime factors of n.
2, 11
Suppose 66*q - 64*q = 46. List the prime factors of q.
23
Suppose 3*d - 341 + 56 = 3*v, v = -4*d - 95. Let o = 141 + v. List the prime factors of o.
2, 23
Let k be 18/1*22/8*2. What are the prime factors of (k/6)/(-3*2/(-40))?
2, 5, 11
Suppose 3*d - c - 3886 = 0, 2*d + 25*c - 21*c - 2572 = 0. What are the prime factors of d?
2, 647
Suppose 2476 = 2*a - 1254. What are the prime factors of a?
5, 373
Let v(z) = 26*z - 3 - 7*z + 3. List the prime factors of v(3).
3, 19
Suppose f = 11 - 2. Suppose 3*n + 15 = 2*o, 3*n + 2*o = 4*n + f. What are the prime factors of (65 + n/1)/2?
31
Suppose -23*d = -2511 - 8391. What are the prime factors of d?
2, 3, 79
Let d(s) = -4 - 2*s + 5*s - 9. Let b be d(6). Suppose b*m - 258 = -m. List the prime factors of m.
43
Suppose k + r = 4*k + 2, -4*k = r - 9. Let t be (k/3)/((-1)/(-9)). Suppose -4*d + 34 = t*p - 76, 0 = 2*d + 2*p - 56. What are the prime factors of d?
2, 13
Let x = 36 + 35. Let i = x - 60. List the prime factors of i.
11
Suppose 3*q + 4*c + 4 = 7*q, 0 = -2*q + 5*c - 7. Let w(a) = a**3 + 7*a - 7. What are the prime factors of w(q)?
5, 17
Suppose -4*d + 278 + 206 = -2*p, 3*d + 4*p - 352 = 0. List the prime factors of d.
2, 3, 5
Suppose -10*c = -2*c - 40. Suppose -2*m - 106 = -c*t, -2*m + 18 - 4 = t. List the prime factors of t.
2, 5
Let f be 2 + 1 + -3 - 24. Let l be f/(((-4)/1)/4). Suppose 2*t + 5*g - l = 0, 3*t + 6*g - 36 = g. List the prime factors of t.
2, 3
Suppose 4*l - 5*t = -3*t - 18, 0 = -3*l - 4*t + 14. Let b be ((-1)/l)/((-1)/10). Let i(r) = -5*r + 10. What are the prime factors of i(b)?
5, 7
Suppose 7*p = 12*p - 20. Suppose p + 6 = -t. What are the prime factors of t/15 + 116/3?
2, 19
What are the prime factors of (-1646)/(-4) - (0 + (-9)/18)?
2, 103
List the prime factors of ((-10)/(-6))/((-39)/(-15912)).
2, 5, 17
Let s = 148 - 438. Let a = s - -457. What are the prime factors of a?
167
Suppose 77*a + 210 = 82*a. What are the prime factors of a?
2, 3, 7
Let j(y) = -y**2 + 7*y + 12. Let m be j(8). Let u = -4 + m. Suppose -n + 5*n = 2*f - 76, -3*f + 2*n + 130 = u. What are the prime factors of f?
2, 23
Suppose 3*f - 12 = -2*z, z + 0 = 5*f - 33. Suppose -89 = -y - 3*t, -y + f*t - t + 113 = 0. List the prime factors of y.
2, 7
Let t = -8 + 13. Let j = t - 2. What are the prime factors of (520/12)/5*j?
2, 13
Let m = -54 - -56. Suppose 0 = 3*f + m*s - 378, 2*s + 219 = 3*f - 147. What are the prime factors of f?
2, 31
Suppose 3*a - 4*z - 14 = 0, 0*z - 2*z = 4*a + 18. Let u = a - -1. What are the prime factors of (-32*2)/2*u?
2
Let j(d) = -684*d**3 + d. Let t be j(-1). Let g = 964 - t. What are the prime factors of g?
281
Suppose -3*d - 174 = -6*d. Suppose -2*b - 2*m - 210 = -6*b, -b - 5*m + d = 0. List the prime factors of b.
53
Let q(i) = 19*i + 8. Suppose 3*u - 27 = -6. List the prime factors of q(u).
3, 47
Let z = 0 - 36. Let l be 44/z + 2/9. List the prime factors of -2*(-3 + l/(-2)).
5
Suppose -6*a + 5753 = 275. List the prime factors of a.
11, 83
Let w = 21 + 20. Let y = 78 - w. Suppose -3*s + 50 - 12 = -4*z, -5*z = -2*s + y. List the prime factors of s.
2, 3
Let h(p) = -p**3 - 25*p**2 - 18*p. List the prime factors of h(-25).
2, 3, 5
Let r(z) = 2*z**2 + 22*z + 33. Let h be r(-9). Let k(m) = -17*m - 1 - 7 - 2. List the prime factors of k(h).
41
Let q be ((-3914)/152)/(0 - 1/4). Suppose 4*d - 426 = -5*a, 0 = -2*d - 5*a + 115 + q. What are the prime factors of d?
2, 13
Suppose -5*a + 14 = -11, -4*a + 1215 = 5*q. What are the prime factors of q?
239
Suppose 20*s + 8*s - 43848 = 0. What are the prime factors of s?
2, 3, 29
Let s = 688 - -1642. List the prime factors of s.
2, 5, 233
Suppose 69*s - 22919 = 56*s. What are the prime factors of s?
41, 43
Suppose -6 = -3*w - 2*z + 6, 24 = 2*w - 4*z. Suppose i = -0*k - 4*k + 53, 2*k = w. What are the prime factors of i?
41
Suppose -g - 3*w = -57, -5*g + g - 4*w + 260 = 0. Suppose 4*v = 5*v - g. What are the prime factors of v?
3, 23
Suppose 1 - 11 = -5*s. Let m(a) = 4*a**3 - 4*a + 3. List the prime factors of m(s).
3
Let f = -843 - -1000. List the prime factors of f.
157
Let w = -8451 - -12405. What are the prime factors of w?
2, 3, 659
Suppose 0 = -2*a + c + 3067, 0 = 3*a + 47*c - 44*c - 4614. What are the prime factors of a?
5, 307
Let w = 992 + -670. List the prime factors of w.
2, 7, 23
Suppose 5*y + 2 = 6*y. Suppose -5*i + y*i = -405. Suppose -2*o + i = 5*w, -9 = -2*o + 1. What are the prime factors of w?
5
Let o be 0*3/(-6)*-1. Suppose o = 4*i - 5*i + 60. What are the prime factors of i?
2, 3, 5
Suppose p + 0*o + 3*o - 142 = 0, o = -4*p + 524. Suppose -61*k - 15 = -66*k. Suppose k*s + 2*s - p = 0. What are the prime factors of s?
2, 13
Let y(m) = 20*m**2 - 2*m + 6. Let i be (-18)/4*(-20)/30. What are the prime factors of y(i)?
2, 3, 5
Let d = -58 - -57. What are the prime factors of 8/(2/d)*-26?
2, 13
Let t(b) = 5*b**3 - 2*b**2 + 2*b - 1. Let h be t(1). Suppose 9*k - h*k = -25. List the prime factors of (-2)/k + 432/20.
2, 11
Let j = 151 + -37. Suppose -3*n - n - 4*v + 172 = 0, -2*v = -3*n + j. List the prime factors of n.
2, 5
Suppose -4*b = -3*t - 78, 3*b - t = t + 58. Let k = -18 + b. Suppose 5*q - 6*q + 8 = k. List the prime factors of q.
2
Let s = -216 - -346. What are the prime factors of ((-3)/(-5))/(2/s)?
3, 13
Let r = 4 + -2. Suppose -8*i - 64 = -96. Suppose 0 = -5*t + r*g + 200, -3*t + i*g = g - 111. List the prime factor